 be (2 + 3)*(1 + -3). Let u = i + 5. What is the tens digit of m(u)?
1
Let i = -18 + 52. Suppose -4*b = -i - 54. What is the units digit of b?
2
Suppose 7*k = 22 - 92. Let i(z) = -6*z - 9. What is the units digit of i(k)?
1
Suppose -5*f + 41 = -o, o + 12 = -4*f + 43. Suppose 0*j - f = -3*j + 2*a, 10 = 5*a. Suppose 1 + 59 = j*n. What is the tens digit of n?
1
Let d(w) = w + 12. Let v be d(-11). Suppose -q + 34 = v. What is the units digit of q - (-4)/((-8)/6)?
0
Let g(q) = -82*q**2 - 4*q + 4. Let n be g(3). Let k be n/6 - 1/(-3). Let j = -81 - k. What is the tens digit of j?
4
Suppose -15 = -2*a - a. Suppose 4*k - 27 - a = 0. Let d = k - 3. What is the units digit of d?
5
Suppose 3*y + 2*r - 25 = -5, 3*y = 3*r. Suppose -z + f = -48, 4*z - 3*z = y*f + 63. What is the units digit of z?
3
Suppose -2*f + 244 + 256 = 0. What is the units digit of f?
0
Let l = 1196 - 689. What is the hundreds digit of l?
5
Let w(p) = 2*p - 13. Let c be w(11). Let q = 7 - c. What is the tens digit of q - -4*(4 - 0)?
1
What is the tens digit of (2*-2)/(18/(-1638))?
6
Let c(r) = r**3 + 7*r**2 - 4*r - 1. Let o be c(-7). Let f = o - 23. Suppose 5*z + 40 = g - 23, -f*g + 2*z = -198. What is the tens digit of g?
4
Let m be ((-46)/(-6))/((-1)/(-30)*-2). Let j = m - -162. What is the units digit of j?
7
Suppose -2*l + 3*h + 39 = -105, -3*h - 210 = -3*l. Suppose 2*i + 5*d = 168, i - 3*d + d - l = 0. Suppose 3*r - 103 - i = 0. What is the tens digit of r?
5
Let g(c) = c - 4. Let r be g(4). Let i(z) = z**3 + z**2 + z - 8. Let q be i(r). What is the tens digit of 126/4 + 12/q?
3
Let u = -145 - -317. What is the tens digit of u?
7
Suppose -15*x = 5*f - 19*x - 3030, -3030 = -5*f + 5*x. What is the units digit of f?
6
Let t(c) = c + 3. Let v be 5*(2 - 8/5). Let k be t(v). Let l = 11 - k. What is the units digit of l?
6
Let p(k) = -k**3 - 9*k**2 + 10*k + 2. Let q be p(-10). Suppose w + 20 = 25. Suppose 12 = -4*c - 4*x, -w = q*c - 4*x - 23. What is the units digit of c?
1
Let k(c) = -116*c - 17. What is the tens digit of k(-4)?
4
Suppose -1836 = 6*q - 18*q. Suppose 2*x - q + 43 = 0. What is the tens digit of x?
5
Suppose 7*n - 190 = 2*n. Let l = 102 - n. What is the units digit of l?
4
Let t = 61 - 18. Let s = t + 4. Let g = s - 5. What is the tens digit of g?
4
What is the thousands digit of 17676/14 - (-240)/168?
1
Let a = -29 + 41. Let d(l) = 7*l - 19. What is the tens digit of d(a)?
6
Let t(b) = 107*b**2 - 2*b + 2. Let w be t(2). What is the hundreds digit of (9/18)/(1/w)?
2
Suppose 4*p - 1788 + 228 = -4*d, 0 = -5*p - 5. What is the hundreds digit of d?
3
Let m = 172 - -706. What is the units digit of m?
8
Suppose 2*h - 3*r = -41, 0*r = 2*h + r + 21. Let y = h - -10. What is the units digit of 2/y*(-20 - 4)?
6
Let l = 62 - 136. Let h = -35 - l. What is the tens digit of h?
3
Let h = 11202 + -7887. What is the units digit of h?
5
Let d(h) = -h**3 - 8*h**2 - 10*h - 8. Let l = -13 - -5. What is the tens digit of d(l)?
7
Let d(f) be the second derivative of -f**5/20 + 3*f**4/4 - 5*f**3/6 + 7*f**2 + 23*f. What is the tens digit of d(6)?
9
Let m = 1116 + -319. What is the hundreds digit of m?
7
Let f = -967 - -3913. What is the thousands digit of f?
2
Suppose -480 = -5*l + 2*l. What is the units digit of l?
0
Let w(i) = -8*i**3 + 2*i + 12. Let f(p) = -3*p + 18. Let t be f(7). What is the tens digit of w(t)?
2
Let l be (-30 - -2)*(-6)/4. Suppose -n - l = -106. What is the tens digit of n?
6
Let i = -290 - -767. What is the units digit of i?
7
Suppose -s + 36 = 4*q, 2*q + q - 3*s = 42. Suppose -120 = 110*r - 118*r. Let j = r + q. What is the tens digit of j?
2
Let r = -47 + 607. What is the hundreds digit of r?
5
Let c be 1/3 - (-348)/9. Suppose -c = -3*w + 66. What is the units digit of w?
5
Let o(l) = 7*l**3 - 3*l - 14. Let f(b) = 2*b**3 - b - 5. Let i(v) = 8*f(v) - 3*o(v). What is the units digit of i(-1)?
6
Let i = 73 + -93. What is the tens digit of (-3)/12 - 725/i?
3
Let f(w) = w**2 + 33*w + 41. What is the tens digit of f(29)?
3
Let b be (-724)/(-14) + (-4)/(-14). Suppose 5*x - 4*x - b = 0. What is the units digit of x/4 + -3 + -3?
7
Let p = 29 + -20. Let n be (6 - p)*(-4)/3. Suppose -2 = -n*u + 3*u. What is the units digit of u?
2
Suppose -11603 = -17*x + 1079. What is the units digit of x?
6
Let x = 154 - -184. What is the hundreds digit of x?
3
Let y be 91 - ((-5)/5 + -2). Suppose 6*o - y = -3*g + 2*o, 95 = 3*g + 5*o. What is the tens digit of g?
3
Let l(b) = b**2 - 2*b - 2. Let k be l(-4). Let x = 28 - k. Suppose -x*h = -190 - 164. What is the tens digit of h?
5
Let o = -79 + 81. Suppose 5*t - 71 = -2*s, -o*t + 5*t = 5*s - 193. What is the tens digit of s?
3
Suppose -9*m = 3917 - 44642. What is the units digit of m?
5
Let z be 9/3 + -3 + 3 + 9. What is the tens digit of (4/z)/((-1)/(-249))?
8
Suppose 316 = 2*l + 2*i, -5*l = -3*l + i - 311. Suppose 0 = -4*d - 2*q + 632, -d + 3*q - l = -2*d. What is the tens digit of d?
5
Let j(g) = 3*g**2 - 7*g + 7. Let a be j(5). Let s be (-1 + 104/(-32))/(2/(-16)). Let n = a - s. What is the tens digit of n?
1
Let h(q) = 58*q - 66. What is the units digit of h(6)?
2
Let a(s) be the third derivative of 0*s + 0*s**3 + 0 + 5*s**2 - 1/24*s**4. What is the units digit of a(-6)?
6
Let t(s) = 150*s**2 - 2*s - 11. What is the tens digit of t(6)?
7
Let b(z) = 8*z**2 - 3*z + 1. What is the tens digit of b(-5)?
1
Let s(i) = 22*i**2 + 9*i - 61. What is the units digit of s(-8)?
5
Let g = 11 - 8. Suppose -c + g*p - 30 = 0, -62 = c + 2*c - 2*p. What is the tens digit of c/(-3 - 18/(-8))?
2
Let t(z) = 8*z**2 + 3*z + 10. Let g be t(-3). Let h = g + 138. What is the tens digit of h?
1
Let m = 45 + -4. What is the units digit of 15 - 19 - (-1 - m)?
8
Let r(t) = t**3 + 7*t**2 - 8*t + 6. Let d be r(-8). Suppose -d*q + 240 = -q. What is the tens digit of q?
4
Let q = -14 + 13. What is the tens digit of 3 + q - (-12 - -1)?
1
Suppose -3*k + 59 = -u + 18, 4*u = k - 32. Suppose 2*x = -x - k, 3*x + 107 = 5*y. What is the tens digit of 1 + y + 12/4?
2
Let y be (-942)/(-22) + (3 - (-124)/(-44)). Let u = y - -12. What is the tens digit of u?
5
Suppose 3*i = 2*i - 3*u - 13, 27 = -5*i + 4*u. Let m(p) = -p**2 - 9*p - 4. What is the tens digit of m(i)?
1
Suppose 4*i - s - 7995 = 0, -46*s = 2*i - 49*s - 3995. What is the units digit of i?
9
Let v = -1597 + 2816. What is the hundreds digit of v?
2
Suppose 7*f = 25407 - 7172. What is the hundreds digit of f?
6
Let x(i) = 7*i**3 - i**2 - 5*i + 11. Let b(c) = -6*c**3 + 2*c**2 + 5*c - 11. Let q = 36 + -30. Let o(v) = q*b(v) + 5*x(v). What is the tens digit of o(6)?
5
Let r(m) = -3*m - 35. Let g be r(-15). Suppose g*b - 66 = 4*b. What is the units digit of b?
1
Suppose -3*k = -2*p - 882, k + 3*p - 299 = 2*p. Suppose -1 - 9 = -2*l. Suppose -z - k = -l*z. What is the units digit of z?
4
Suppose -16*t = 9*t - 26575. What is the thousands digit of t?
1
Let u(d) = 29*d**2 - 3*d + 4. Let q be (-18)/(-30) - (-2)/5. What is the tens digit of u(q)?
3
Let a(o) = -o**2 + o - 1. Let b be a(4). Suppose -3*z + 15 = 0, -5*z + 2*z = 2*n - 49. Let d = n + b. What is the units digit of d?
4
Let u(s) = 13*s**3 + 2*s**2 - 2*s + 4. What is the hundreds digit of u(3)?
3
Let o = 7 + -2. Let w be -4 + o + -1 + -1. What is the units digit of (-1)/w - 25/(-5)?
6
Suppose 11*d - 12*d + 8 = 0. What is the tens digit of (-2 - 44)/(-1 + 4/d)?
9
Let u(f) = -2*f - 16. Let q be u(-6). Let z be (-2409)/(-21) + q/(-14). Let x = z - 68. What is the tens digit of x?
4
Suppose -3*j = -34*l + 35*l - 8041, -3*j + 8049 = -3*l. What is the thousands digit of j?
2
Let z = -198 + 382. Let q = -100 + z. What is the tens digit of q?
8
Suppose 4*d - 8*d = 40. Let c = 18 + d. Let w = c + -6. What is the units digit of w?
2
Suppose 2*a = 3*a + 2*y - 218, 2*y = 2*a - 406. Let m = a + -127. What is the tens digit of m?
8
Let m be 114/(-8)*(2 - 70/15). Suppose 2*w = m + 30. What is the units digit of w?
4
Suppose -5*a = -3*w + 885, 4*w + 0*a - 1191 = 3*a. Suppose -w + 102 = -2*t. What is the units digit of t?
9
Let w be -1*(-5)/5*-5. Let i(q) = -q**3 - 2*q**2 + 9*q - 9. What is the units digit of i(w)?
1
What is the tens digit of (-9)/(-6)*(-80)/30 - -19?
1
Let b be ((-3978)/(-52))/(3/4). Let j = b - 71. What is the tens digit of j?
3
Let b(t) = t**3 - 6*t**2 - 10*t + 9. Let v be